 49 is divided by (-489)/q + 2/(-12).
22
Let x(s) = 2*s - 17. Let v be x(7). Let t be (-1 - 0)*(-3 - (-12)/v). Suppose -3*o + t = -2. Calculate the remainder when o is divided by 3.
0
Let r = 835 + -809. Suppose 0*h + 136 = 2*d - h, -5*d + 353 = 4*h. Calculate the remainder when d is divided by r.
17
Let m be (0/(2 + 0))/(-2). Suppose m = -2*h + 5*h - 147. Let f(n) = -62*n - 5133. Calculate the remainder when h is divided by f(-83).
10
Let u = -73 + 123. Suppose 5*l = 3*n - 36 + 190, l = n + u. Let i = n - -108. Calculate the remainder when i is divided by 13.
8
Suppose 51154 + 96564 = 172*y + 49678. What is the remainder when y is divided by 18?
12
Suppose 0 = -24*f + 404 + 388. Suppose 2*q - 3*g = 1704, 0*g - 4279 = -5*q - 2*g. What is the remainder when q is divided by f?
30
Suppose -2*d - 3*f = -78 + 22, d - 2*f - 28 = 0. Let v be (-22)/18 - 2/(-9). Let z(j) = -7*j**3 - j**2 + j + 1. What is the remainder when d is divided by z(v)?
4
Suppose -10*k + 9*k - 20 = 0. What is the remainder when (-2)/(-5) - (-848)/k*-9 is divided by 55?
52
Calculate the remainder when 0 + 955 + 270 + -263 is divided by 89.
72
Suppose 0 = -3*s + s + 30. Let f be 1/((-3)/183*(0 - 1)). Suppose -c + f = -4*t, 2*c - 2*t - 216 = -2*c. Calculate the remainder when c is divided by s.
8
Let p = -945 + 1394. Suppose 441*a - 3010 - 7865 - 2355 = 0. What is the remainder when p is divided by a?
29
Suppose -2*g = 5*l - 28, 5*g + 10 = 5. Suppose -4*q = -3*o + 323, -l*q - 429 = -4*o - q. What is the remainder when o is divided by 39?
23
What is the remainder when 2 - -13875 - -2*(-16)/4 is divided by 68?
65
Let t be (0 - -4)/(5 - 4). Let u = 9 - t. What is the remainder when (u/(-10))/1*-72 is divided by 15?
6
Let y(k) = k**3 - k**2 - 2. Let f be y(3). Let j be 1433/41 + (-152)/(-3116). Let a = j - f. What is the remainder when 113 is divided by a?
18
Let t = -9428 - -9474. What is the remainder when 775 is divided by t?
39
Suppose -203 = -11*y - 115. What is the remainder when 733 is divided by y?
5
Suppose -7*i - 106 = -5*c - 3*i, -23 = -c - i. What is the remainder when c is divided by (-18)/24*(-156)/9?
9
Let s(p) = -391*p + 3780. Calculate the remainder when s(9) is divided by 57.
33
Suppose 0 = -3*n - 57*n + 1859 - 719. What is the remainder when 30 is divided by n?
11
Let m(u) = 20*u - 4. Let v(k) = -k + 6. Let b(j) = 8*j + 9. Let d be b(-2). Calculate the remainder when m(2) is divided by v(d).
10
Let j be (78/2)/(-3 + 6). Let x be (-1 - 0) + j/1. Suppose -252 = -4*o - p - 3*p, 0 = -3*p - x. Calculate the remainder when o is divided by 17.
16
Calculate the remainder when (2 + 1618)*(-4 + (-126)/(-28)) is divided by 69.
51
Let q(x) = -x**2 + x - 4. Let s(k) = -1. Let t(r) = -q(r) - 6*s(r). Let u be t(-3). Calculate the remainder when 45 is divided by 2040/88 + (-4)/u.
22
What is the remainder when (-141 - 0)/((-4)/(-8)*(3 - 5)) is divided by 12?
9
Calculate the remainder when (-3 - 5 - -3)*-31 is divided by 41.
32
Let t = -2171 - -2185. Calculate the remainder when 2018 is divided by t.
2
Let w(y) = -y**2 - 23*y - 79. Suppose 3*s - 11 - 161 = c, 2*s + 2*c = 112. Suppose -9 = 4*n - s. Calculate the remainder when w(-17) is divided by n.
11
Let w = 1212 - 623. Calculate the remainder when w is divided by 37/((-49)/7 + 8).
34
Let p(t) = t - 13. Suppose -12 = 19*q - 22*q. Suppose -q*x + 148 + 52 = 0. Calculate the remainder when x is divided by p(26).
11
Suppose 0 = -52*b + 2734 + 3922. What is the remainder when 284 is divided by b?
28
Suppose 0 = -10*b + b - 36. Let x(m) = 14*m + 7. Let r(n) = -13*n - 7. Let u(t) = 7*r(t) + 6*x(t). What is the remainder when 82 is divided by u(b)?
19
Calculate the remainder when 4/(-66) + ((-2060210)/(-330) - -10) is divided by 118.
117
Let w = 838 - 786. Let v = -22 - -331. What is the remainder when v is divided by w?
49
Suppose 4011*h - 4106*h = -948670. Calculate the remainder when h is divided by 45.
41
Suppose 27*r + 0*r - 12825 = 0. Let w = r + -415. What is the remainder when w is divided by 31?
29
Let g = -1307506 - -1307515. Calculate the remainder when 182/3 - (-2)/(-3) is divided by g.
6
Let i(t) = -t + 26. Suppose 2*n - 8 - 8 = 2*g, -n + 3*g = -8. Suppose -11 = -m - f, f - n = -f. Calculate the remainder when i(0) is divided by m.
5
Let d(j) = j**2 + 15*j + 9. Let l(n) = n**2 + 13*n + 9. Let i(c) = -2*d(c) + 3*l(c). What is the remainder when 74 is divided by i(-10)?
17
Suppose t - 7*w + 8*w = 27, -140 = -5*t - 4*w. Calculate the remainder when 17 is divided by t/(-304) - 59/(-19).
2
Let m(i) = -215*i + 2811. What is the remainder when 633 is divided by m(13)?
9
Let d(z) = 2*z**2 + 29*z - 1. Let r be d(-17). Let p = r + -72. Let c = 20 + 22. Calculate the remainder when c is divided by p.
6
Suppose 3*m - b - 776 = 1167, 1937 = 3*m + 2*b. Calculate the remainder when m is divided by 36.
35
Calculate the remainder when (((-171)/(-4))/3)/(4/304) is divided by 84.
75
Suppose 2*g = -2*o + 168, 5*g = o - 0*o + 426. Let q = -863075 - -863093. Calculate the remainder when g is divided by q.
13
Let c = 613 - 627. Let h = 49 + -33. Calculate the remainder when (c/42)/(1/(-282)) is divided by h.
14
Suppose -4*w - w = -90. Let j(s) = -17*s + 138. Let y be j(-12). Suppose v - 263 = -3*a, 4*a - y = v + 2*v. Calculate the remainder when a is divided by w.
15
Suppose 4*a - 5*c = 967, -2*a - c + 244 = -a. What is the remainder when a is divided by 45?
18
Let p = 21 + -19. Let j(g) = 4 + 4*g**3 - g**p - 4*g - 6*g**3 + 6*g**3. Calculate the remainder when 71 is divided by j(2).
23
Let g(f) = 2*f**3 - 4*f**2 + 4*f + 3. Let y(j) = -j**3 + 38*j**2 - 67*j - 69. Calculate the remainder when y(36) is divided by g(3).
12
Suppose 58*x - 19856 = 18946. Calculate the remainder when x is divided by 216.
21
Let j(c) = 4*c**2 + 324*c + 2014. Calculate the remainder when j(-77) is divided by 265.
252
Suppose 8*n + r = 5*n + 125, 0 = 4*n + 3*r - 160. Suppose 8 = -5*f + n. Calculate the remainder when f is divided by 3.
1
Let m = -190 - -192. Suppose m*f + 4*t = 28, f - 2*t - 34 = -4*f. Calculate the remainder when 141 is divided by f.
5
What is the remainder when 1234 is divided by 5*1/(-10)*-190?
94
Suppose 13*c - 9*c - 16 = 0. Suppose -c*k + 3*q - 15 = 0, 2 + 3 = k + q. Suppose k = 2*t - 4 - 256. What is the remainder when t is divided by 12?
10
Suppose n - 10 = -n. Let g(k) = 33*k**2 + 5*k - 13. Let p(c) = -17*c**2 - 3*c + 7. Let d(y) = n*p(y) + 3*g(y). What is the remainder when d(2) is divided by 14?
10
Calculate the remainder when (((-2)/3)/(18 + -16))/((-13)/1170) is divided by 4/(7/(-4) - -2).
14
Let j be ((-32)/6)/((-2)/(-294)). Calculate the remainder when 100 is divided by j/(-26) - (5 - (-504)/(-104)).
10
Suppose -3 + 0 = -j + 2*u, -j = u - 15. Calculate the remainder when 1006 is divided by j.
5
Let l(f) = -3*f**2 - 5*f - 2. Suppose -y + 34 - 36 = 0. Let a be l(y). What is the remainder when 13 is divided by (20/(-3))/10*78/a?
0
Suppose 17*p - 172 = 16*p. What is the remainder when p is divided by 1?
0
Let p = -30554 + 31084. Calculate the remainder when p is divided by 329.
201
Let o = -9081 - -9239. Calculate the remainder when 773 is divided by o.
141
Suppose 924 - 12671 = -122*s + 7285. What is the remainder when 636 is divided by s?
12
Let k(m) = -3*m**2 + 13*m - 10. Let d(b) = -7*b**2 + 27*b - 20. Let l(i) = -2*d(i) + 5*k(i). Calculate the remainder when 53 is divided by l(8).
11
Let y(w) = 27*w**2 - 2*w + 1. What is the remainder when y(2) is divided by (-740288)/(-13719) - (-2)/51?
51
Let y be ((-7 + 7)/6)/2. What is the remainder when -62*1/(-4)*2 is divided by y + (2 - -19) - 5?
15
Let w(y) = 28*y**2 + 35*y - 1556. Suppose -r = -2*r + 59. Calculate the remainder when w(7) is divided by r.
2
Let z be (0 + -1*9)*(-11)/11. Suppose 808 = z*x - 380. What is the remainder when 63 is divided by -4*x/(-9)*27/48?
30
Let f(c) = 34*c - 15. Let u(m) = m**2 + 4*m - 87. What is the remainder when f(3) is divided by u(8)?
6
Suppose 8*s + 0*s - 8 = 0. Calculate the remainder when 122 is divided by 82/6 - s/(-3).
10
Let y(m) = -643*m + 3877. Calculate the remainder when 90/(-4)*(-9 + 7) is divided by y(6).
7
Suppose 3*a - 9 = -0*a. Suppose -a*j + 12 + 37 = i, -i - 71 = -5*j. Let o(u) = -7*u + 53. Calculate the remainder when o(2) is divided by j.
9